{"id":3020,"date":"2025-03-11T14:36:27","date_gmt":"2025-03-11T14:36:27","guid":{"rendered":"https:\/\/bpsports.com.br\/?page_id=3020"},"modified":"2025-03-11T18:05:20","modified_gmt":"2025-03-11T18:05:20","slug":"34cm-base-x-50cm-altura","status":"publish","type":"page","link":"https:\/\/bpsports.com.br\/?page_id=3020","title":{"rendered":"Saco de Pancada 34cm (Base) x 50cm (Altura)"},"content":{"rendered":"\t\t<div data-elementor-type=\"wp-page\" data-elementor-id=\"3020\" class=\"elementor elementor-3020\">\n\t\t\t\t<div class=\"elementor-element elementor-element-878bce7 e-flex e-con-boxed wpr-particle-no wpr-jarallax-no wpr-parallax-no wpr-sticky-section-no e-con e-parent\" data-id=\"878bce7\" data-element_type=\"container\" data-settings=\"{&quot;background_background&quot;:&quot;classic&quot;}\">\n\t\t\t\t\t<div class=\"e-con-inner\">\n\t\t\t\t<div class=\"elementor-element elementor-element-06b8b33 elementor-widget elementor-widget-heading\" data-id=\"06b8b33\" data-element_type=\"widget\" data-widget_type=\"heading.default\">\n\t\t\t\t<div class=\"elementor-widget-container\">\n\t\t\t\t\t<h2 class=\"elementor-heading-title elementor-size-default\">Saco de Pancada<\/h2>\t\t\t\t<\/div>\n\t\t\t\t<\/div>\n\t\t\t\t\t<\/div>\n\t\t\t\t<\/div>\n\t\t<div class=\"elementor-element elementor-element-eab86d5 e-flex e-con-boxed wpr-particle-no wpr-jarallax-no wpr-parallax-no wpr-sticky-section-no e-con e-parent\" data-id=\"eab86d5\" data-element_type=\"container\">\n\t\t\t\t\t<div class=\"e-con-inner\">\n\t\t<div class=\"elementor-element elementor-element-a2d9a09 e-con-full e-flex wpr-particle-no wpr-jarallax-no wpr-parallax-no wpr-sticky-section-no e-con e-child\" data-id=\"a2d9a09\" data-element_type=\"container\">\n\t\t\t\t<div class=\"elementor-element elementor-element-c8b02fb elementor-widget__width-initial elementor-arrows-position-inside elementor-pagination-position-outside elementor-widget elementor-widget-image-carousel\" data-id=\"c8b02fb\" data-element_type=\"widget\" data-settings=\"{&quot;slides_to_show&quot;:&quot;1&quot;,&quot;navigation&quot;:&quot;both&quot;,&quot;autoplay&quot;:&quot;yes&quot;,&quot;pause_on_hover&quot;:&quot;yes&quot;,&quot;pause_on_interaction&quot;:&quot;yes&quot;,&quot;autoplay_speed&quot;:5000,&quot;infinite&quot;:&quot;yes&quot;,&quot;effect&quot;:&quot;slide&quot;,&quot;speed&quot;:500}\" data-widget_type=\"image-carousel.default\">\n\t\t\t\t<div class=\"elementor-widget-container\">\n\t\t\t\t\t\t\t<div class=\"elementor-image-carousel-wrapper swiper\" role=\"region\" aria-roledescription=\"carousel\" aria-label=\"Carrossel de imagens\" dir=\"ltr\">\n\t\t\t<div class=\"elementor-image-carousel swiper-wrapper\" aria-live=\"off\">\n\t\t\t\t\t\t\t\t<div class=\"swiper-slide\" role=\"group\" aria-roledescription=\"slide\" aria-label=\"1 de 2\"><figure class=\"swiper-slide-inner\"><img decoding=\"async\" class=\"swiper-slide-image\" src=\"https:\/\/bpsports.com.br\/wp-content\/uploads\/2025\/02\/3-4.jpg\" alt=\"3\" \/><\/figure><\/div><div class=\"swiper-slide\" role=\"group\" aria-roledescription=\"slide\" aria-label=\"2 de 2\"><figure class=\"swiper-slide-inner\"><img decoding=\"async\" class=\"swiper-slide-image\" src=\"https:\/\/bpsports.com.br\/wp-content\/uploads\/2025\/02\/2-3.jpg\" alt=\"2\" \/><\/figure><\/div>\t\t\t<\/div>\n\t\t\t\t\t\t\t\t\t\t\t\t<div class=\"elementor-swiper-button elementor-swiper-button-prev\" role=\"button\" tabindex=\"0\">\n\t\t\t\t\t\t<svg aria-hidden=\"true\" class=\"e-font-icon-svg e-eicon-chevron-left\" viewBox=\"0 0 1000 1000\" xmlns=\"http:\/\/www.w3.org\/2000\/svg\"><path d=\"M646 125C629 125 613 133 604 142L308 442C296 454 292 471 292 487 292 504 296 521 308 533L604 854C617 867 629 875 646 875 663 875 679 871 692 858 704 846 713 829 713 812 713 796 708 779 692 767L438 487 692 225C700 217 708 204 708 187 708 171 704 154 692 142 675 129 663 125 646 125Z\"><\/path><\/svg>\t\t\t\t\t<\/div>\n\t\t\t\t\t<div class=\"elementor-swiper-button elementor-swiper-button-next\" role=\"button\" tabindex=\"0\">\n\t\t\t\t\t\t<svg aria-hidden=\"true\" class=\"e-font-icon-svg e-eicon-chevron-right\" viewBox=\"0 0 1000 1000\" xmlns=\"http:\/\/www.w3.org\/2000\/svg\"><path d=\"M696 533C708 521 713 504 713 487 713 471 708 454 696 446L400 146C388 133 375 125 354 125 338 125 325 129 313 142 300 154 292 171 292 187 292 204 296 221 308 233L563 492 304 771C292 783 288 800 288 817 288 833 296 850 308 863 321 871 338 875 354 875 371 875 388 867 400 854L696 533Z\"><\/path><\/svg>\t\t\t\t\t<\/div>\n\t\t\t\t\n\t\t\t\t\t\t\t\t\t<div class=\"swiper-pagination\"><\/div>\n\t\t\t\t\t\t\t\t\t<\/div>\n\t\t\t\t\t\t<\/div>\n\t\t\t\t<\/div>\n\t\t\t\t<\/div>\n\t\t<div class=\"elementor-element elementor-element-eabe513 e-con-full e-flex wpr-particle-no wpr-jarallax-no wpr-parallax-no wpr-sticky-section-no e-con e-child\" data-id=\"eabe513\" data-element_type=\"container\">\n\t\t\t\t<div class=\"elementor-element elementor-element-cfda143 elementor-widget elementor-widget-heading\" data-id=\"cfda143\" data-element_type=\"widget\" data-widget_type=\"heading.default\">\n\t\t\t\t<div class=\"elementor-widget-container\">\n\t\t\t\t\t<h2 class=\"elementor-heading-title elementor-size-default\">SACO DE PANCADA - 34CM X 50CM<\/h2>\t\t\t\t<\/div>\n\t\t\t\t<\/div>\n\t\t\t\t<div class=\"elementor-element elementor-element-4e83910 elementor-widget elementor-widget-heading\" data-id=\"4e83910\" data-element_type=\"widget\" data-widget_type=\"heading.default\">\n\t\t\t\t<div class=\"elementor-widget-container\">\n\t\t\t\t\t<h2 class=\"elementor-heading-title elementor-size-default\">Saco de pancada de geomembrana, com base de 34 cm e altura de 50 cm, \u00e9 uma excelente op\u00e7\u00e3o para treinos de combate. Sua constru\u00e7\u00e3o em material de geomembrana oferece uma s\u00e9rie de benef\u00edcios, como:<\/h2>\t\t\t\t<\/div>\n\t\t\t\t<\/div>\n\t\t\t\t<div class=\"elementor-element elementor-element-fba78d6 elementor-widget elementor-widget-heading\" data-id=\"fba78d6\" data-element_type=\"widget\" data-widget_type=\"heading.default\">\n\t\t\t\t<div class=\"elementor-widget-container\">\n\t\t\t\t\t<h2 class=\"elementor-heading-title elementor-size-default\">1. Alta Durabilidade: Resistente a rasgos e desgaste, garantindo longa vida \u00fatil mesmo com uso intenso e em condi\u00e7\u00f5es externas adversas.<\/h2>\t\t\t\t<\/div>\n\t\t\t\t<\/div>\n\t\t\t\t<div class=\"elementor-element elementor-element-c45cf6b elementor-widget elementor-widget-heading\" data-id=\"c45cf6b\" data-element_type=\"widget\" data-widget_type=\"heading.default\">\n\t\t\t\t<div class=\"elementor-widget-container\">\n\t\t\t\t\t<h2 class=\"elementor-heading-title elementor-size-default\">2. Resist\u00eancia a Condi\u00e7\u00f5es Clim\u00e1ticas: A geomembrana \u00e9 imperme\u00e1vel e resistente \u00e0 a\u00e7\u00e3o de raios UV, tornando o saco ideal para uso tanto em ambientes internos quanto ao ar livre, sem sofrer danos devido \u00e0 exposi\u00e7\u00e3o ao sol ou chuva.<\/h2>\t\t\t\t<\/div>\n\t\t\t\t<\/div>\n\t\t\t\t<div class=\"elementor-element elementor-element-6e17493 elementor-widget elementor-widget-heading\" data-id=\"6e17493\" data-element_type=\"widget\" data-widget_type=\"heading.default\">\n\t\t\t\t<div class=\"elementor-widget-container\">\n\t\t\t\t\t<h2 class=\"elementor-heading-title elementor-size-default\">3. Enchimento Adequado: J\u00e1 com enchimento, proporciona a firmeza necess\u00e1ria para um treino de impacto eficaz, simulando condi\u00e7\u00f5es reais de combate. Isso ajuda a melhorar a for\u00e7a, resist\u00eancia e a t\u00e9cnica de socos e chutes.<\/h2>\t\t\t\t<\/div>\n\t\t\t\t<\/div>\n\t\t\t\t<div class=\"elementor-element elementor-element-ea6aef5 elementor-widget elementor-widget-heading\" data-id=\"ea6aef5\" data-element_type=\"widget\" data-widget_type=\"heading.default\">\n\t\t\t\t<div class=\"elementor-widget-container\">\n\t\t\t\t\t<h2 class=\"elementor-heading-title elementor-size-default\">4. Facilidade de Manuten\u00e7\u00e3o: O material de geomembrana \u00e9 de f\u00e1cil limpeza, bastando uma simples lavagem para manter o saco em bom estado, sem acumular sujeira ou umidade.<\/h2>\t\t\t\t<\/div>\n\t\t\t\t<\/div>\n\t\t\t\t<div class=\"elementor-element elementor-element-af12fce elementor-widget elementor-widget-heading\" data-id=\"af12fce\" data-element_type=\"widget\" data-widget_type=\"heading.default\">\n\t\t\t\t<div class=\"elementor-widget-container\">\n\t\t\t\t\t<h2 class=\"elementor-heading-title elementor-size-default\">5. Portabilidade: Compacto e leve, o saco pode ser facilmente transportado e instalado em diferentes locais, seja em academias, home gyms ou at\u00e9 em espa\u00e7os ao ar livre.<\/h2>\t\t\t\t<\/div>\n\t\t\t\t<\/div>\n\t\t\t\t<div class=\"elementor-element elementor-element-eed781d elementor-widget elementor-widget-heading\" data-id=\"eed781d\" data-element_type=\"widget\" data-widget_type=\"heading.default\">\n\t\t\t\t<div class=\"elementor-widget-container\">\n\t\t\t\t\t<h2 class=\"elementor-heading-title elementor-size-default\">6. Versatilidade nos Treinos: Ideal para uma ampla variedade de exerc\u00edcios, incluindo boxe, muay thai, kickboxing e MMA, ajudando a aprimorar o condicionamento f\u00edsico e a coordena\u00e7\u00e3o motora.<\/h2>\t\t\t\t<\/div>\n\t\t\t\t<\/div>\n\t\t\t\t<div class=\"elementor-element elementor-element-0413612 elementor-widget elementor-widget-heading\" data-id=\"0413612\" data-element_type=\"widget\" data-widget_type=\"heading.default\">\n\t\t\t\t<div class=\"elementor-widget-container\">\n\t\t\t\t\t<h2 class=\"elementor-heading-title elementor-size-default\">Combinando resist\u00eancia, praticidade e efici\u00eancia, este saco de pancada de geomembrana \u00e9 uma excelente ferramenta para quem busca aprimorar suas habilidades de combate e resist\u00eancia f\u00edsica.<\/h2>\t\t\t\t<\/div>\n\t\t\t\t<\/div>\n\t\t\t\t<\/div>\n\t\t\t\t\t<\/div>\n\t\t\t\t<\/div>\n\t\t<div class=\"elementor-element elementor-element-d9014c8 e-flex e-con-boxed wpr-particle-no wpr-jarallax-no wpr-parallax-no wpr-sticky-section-no e-con e-parent\" data-id=\"d9014c8\" data-element_type=\"container\">\n\t\t\t\t\t<div class=\"e-con-inner\">\n\t\t\t\t<div class=\"elementor-element elementor-element-59b4503 elementor-widget elementor-widget-button\" data-id=\"59b4503\" data-element_type=\"widget\" data-widget_type=\"button.default\">\n\t\t\t\t<div class=\"elementor-widget-container\">\n\t\t\t\t\t\t\t\t\t<div class=\"elementor-button-wrapper\">\n\t\t\t\t\t<a class=\"elementor-button elementor-button-link elementor-size-sm\" href=\"https:\/\/wa.me\/message\/MENFN54UVVLLD1\" target=\"_blank\" rel=\"noopener\">\n\t\t\t\t\t\t<span class=\"elementor-button-content-wrapper\">\n\t\t\t\t\t\t<span class=\"elementor-button-icon\">\n\t\t\t\t<svg aria-hidden=\"true\" class=\"e-font-icon-svg e-fab-whatsapp\" viewBox=\"0 0 448 512\" xmlns=\"http:\/\/www.w3.org\/2000\/svg\"><path d=\"M380.9 97.1C339 55.1 283.2 32 223.9 32c-122.4 0-222 99.6-222 222 0 39.1 10.2 77.3 29.6 111L0 480l117.7-30.9c32.4 17.7 68.9 27 106.1 27h.1c122.3 0 224.1-99.6 224.1-222 0-59.3-25.2-115-67.1-157zm-157 341.6c-33.2 0-65.7-8.9-94-25.7l-6.7-4-69.8 18.3L72 359.2l-4.4-7c-18.5-29.4-28.2-63.3-28.2-98.2 0-101.7 82.8-184.5 184.6-184.5 49.3 0 95.6 19.2 130.4 54.1 34.8 34.9 56.2 81.2 56.1 130.5 0 101.8-84.9 184.6-186.6 184.6zm101.2-138.2c-5.5-2.8-32.8-16.2-37.9-18-5.1-1.9-8.8-2.8-12.5 2.8-3.7 5.6-14.3 18-17.6 21.8-3.2 3.7-6.5 4.2-12 1.4-32.6-16.3-54-29.1-75.5-66-5.7-9.8 5.7-9.1 16.3-30.3 1.8-3.7.9-6.9-.5-9.7-1.4-2.8-12.5-30.1-17.1-41.2-4.5-10.8-9.1-9.3-12.5-9.5-3.2-.2-6.9-.2-10.6-.2-3.7 0-9.7 1.4-14.8 6.9-5.1 5.6-19.4 19-19.4 46.3 0 27.3 19.9 53.7 22.6 57.4 2.8 3.7 39.1 59.7 94.8 83.8 35.2 15.2 49 16.5 66.6 13.9 10.7-1.6 32.8-13.4 37.4-26.4 4.6-13 4.6-24.1 3.2-26.4-1.3-2.5-5-3.9-10.5-6.6z\"><\/path><\/svg>\t\t\t<\/span>\n\t\t\t\t\t\t\t\t\t<span class=\"elementor-button-text\">Entre em Contato<\/span>\n\t\t\t\t\t<\/span>\n\t\t\t\t\t<\/a>\n\t\t\t\t<\/div>\n\t\t\t\t\t\t\t\t<\/div>\n\t\t\t\t<\/div>\n\t\t\t\t\t<\/div>\n\t\t\t\t<\/div>\n\t\t\t\t<\/div>\n\t\t","protected":false},"excerpt":{"rendered":"<p>Saco de Pancada SACO DE PANCADA &#8211; 34CM X 50CM Saco de pancada de geomembrana, com base de 34 cm e altura de 50 cm, \u00e9 uma excelente op\u00e7\u00e3o para treinos de combate. Sua constru\u00e7\u00e3o em material de geomembrana oferece uma s\u00e9rie de benef\u00edcios, como: 1. Alta Durabilidade: Resistente a rasgos e desgaste, garantindo longa vida \u00fatil mesmo com uso intenso e em condi\u00e7\u00f5es externas adversas. 2. Resist\u00eancia a Condi\u00e7\u00f5es Clim\u00e1ticas: A geomembrana \u00e9 imperme\u00e1vel e resistente \u00e0 a\u00e7\u00e3o de raios UV, tornando o saco ideal para uso tanto em ambientes internos quanto ao ar livre, sem sofrer danos devido \u00e0 exposi\u00e7\u00e3o ao sol ou chuva. 3. Enchimento Adequado: J\u00e1 com enchimento, proporciona a firmeza necess\u00e1ria para um treino de impacto eficaz, simulando condi\u00e7\u00f5es reais de combate. Isso ajuda a melhorar a for\u00e7a, resist\u00eancia e a t\u00e9cnica de socos e chutes. 4. Facilidade de Manuten\u00e7\u00e3o: O material de geomembrana \u00e9 de f\u00e1cil limpeza, bastando uma simples lavagem para manter o saco em bom estado, sem acumular sujeira ou umidade. 5. Portabilidade: Compacto e leve, o saco pode ser facilmente transportado e instalado em diferentes locais, seja em academias, home gyms ou at\u00e9 em espa\u00e7os ao ar livre. 6. Versatilidade nos Treinos: Ideal para uma ampla variedade de exerc\u00edcios, incluindo boxe, muay thai, kickboxing e MMA, ajudando a aprimorar o condicionamento f\u00edsico e a coordena\u00e7\u00e3o motora. Combinando resist\u00eancia, praticidade e efici\u00eancia, este saco de pancada de geomembrana \u00e9 uma excelente ferramenta para quem busca aprimorar suas habilidades de combate e resist\u00eancia f\u00edsica. Entre em Contato<\/p>\n","protected":false},"author":1,"featured_media":0,"parent":0,"menu_order":0,"comment_status":"closed","ping_status":"closed","template":"","meta":{"footnotes":""},"class_list":["post-3020","page","type-page","status-publish","hentry"],"_links":{"self":[{"href":"https:\/\/bpsports.com.br\/index.php?rest_route=\/wp\/v2\/pages\/3020","targetHints":{"allow":["GET"]}}],"collection":[{"href":"https:\/\/bpsports.com.br\/index.php?rest_route=\/wp\/v2\/pages"}],"about":[{"href":"https:\/\/bpsports.com.br\/index.php?rest_route=\/wp\/v2\/types\/page"}],"author":[{"embeddable":true,"href":"https:\/\/bpsports.com.br\/index.php?rest_route=\/wp\/v2\/users\/1"}],"replies":[{"embeddable":true,"href":"https:\/\/bpsports.com.br\/index.php?rest_route=%2Fwp%2Fv2%2Fcomments&post=3020"}],"version-history":[{"count":32,"href":"https:\/\/bpsports.com.br\/index.php?rest_route=\/wp\/v2\/pages\/3020\/revisions"}],"predecessor-version":[{"id":3247,"href":"https:\/\/bpsports.com.br\/index.php?rest_route=\/wp\/v2\/pages\/3020\/revisions\/3247"}],"wp:attachment":[{"href":"https:\/\/bpsports.com.br\/index.php?rest_route=%2Fwp%2Fv2%2Fmedia&parent=3020"}],"curies":[{"name":"wp","href":"https:\/\/api.w.org\/{rel}","templated":true}]}}